ctor of h and 33?
3
Let s be (-2 + 3)*(-2 + 10). Suppose u + s = 34. Calculate the highest common factor of u and 39.
13
Suppose -5*u + 3 + 7 = 0. Let o be u*(8/2 - 2). Suppose 3*v = -v + 16. Calculate the highest common factor of v and o.
4
Let x be 588/(-8)*(-4)/3. Suppose -6 = 2*m, 2*h + 2*m = -2*m + 16. Calculate the highest common factor of h and x.
14
Let v = -140 + 259. What is the highest common divisor of 34 and v?
17
Suppose 0 = -y - 3*r + 11, 4*r + 17 = 4*y + y. Suppose k = -y*x - 0*x + 38, 0 = 4*k - x - 257. Let a = 17 - 10. Calculate the greatest common factor of k and a.
7
Let w = 114 + 36. Calculate the highest common factor of 60 and w.
30
Suppose -4*v + 78 = 5*h, -v = 2*h - 16 - 5. Calculate the highest common factor of 153 and v.
17
Suppose -16*x = -12*x - 56. Calculate the greatest common factor of x and 56.
14
Let f(i) = 3*i - 2. Let h = 3 + -1. Let g be f(h). Suppose g*n - n - 60 = 0. What is the greatest common factor of n and 30?
10
Suppose 0*g + o = 4*g - 181, 3*g + o - 134 = 0. Calculate the greatest common factor of g and 9.
9
Suppose 0 = 4*n - 19 - 13. Suppose 3*z + n*h - 4*h = 37, 0 = 2*z - h - 10. What is the highest common divisor of 77 and z?
7
Let r(y) = 10*y - 6. Let o be r(4). Let b = 61 - o. Suppose -3*x = l - 24, -6*l = -2*l + 5*x - 61. What is the highest common factor of l and b?
9
Let q be (-48)/(-3 + 7)*4/(-6). What is the highest common divisor of q and 12?
4
Let b = 3 - 0. Let n(d) = 13*d**2 + 2*d - 3. Let r be n(b). What is the greatest common divisor of 20 and r?
20
Let w be (-2)/8 + (-42)/(-8). Suppose -w*j = -14 - 26. Let t(y) = -12*y + 4. Let i be t(-3). Calculate the highest common factor of i and j.
8
Suppose w + 0*w = 63. Let c be (8/6)/(2/w). What is the greatest common factor of 14 and c?
14
Suppose 6*b = 7*b - 5. Calculate the highest common divisor of 15 and b.
5
Let k(r) be the first derivative of r**3/3 - 2*r + 3. Let h be k(-2). What is the greatest common divisor of h and 2?
2
Suppose -2*a = 2*a - 24. Let q(r) = 3*r - 9. Let l be q(a). Suppose -5*j + 32 = -2*n, 0 = j - 3*n - l - 0. What is the highest common divisor of 2 and j?
2
Suppose -103 = -x + 9. Calculate the highest common divisor of x and 14.
14
Let v(b) = 3*b**2 - 7*b + 6. Let p be v(6). Calculate the highest common factor of p and 18.
18
Suppose -10 - 10 = -4*p. Calculate the greatest common divisor of p and 15.
5
Suppose 0*r + r - 740 = 0. Suppose 4*i - r = -4*o, 4*i + 0*i - 715 = o. Calculate the greatest common factor of i and 20.
20
Let l(x) = x**3 + x**2 - x + 63. Let i be l(0). Suppose p - 3*n - 7 = -0*n, 0 = -n. What is the greatest common divisor of i and p?
7
Suppose 2*i - 5*y = 53, -28 = -5*y - 3. Let v = 7 + -3. Suppose -v*u + u = -78. Calculate the greatest common divisor of u and i.
13
Suppose 3*l + 2*l = 3*o - 2, 0 = 4*o - 2*l - 12. Suppose o*i - 8 = 80. Calculate the greatest common divisor of 11 and i.
11
Let j = 14 + -10. What is the greatest common divisor of 36 and j?
4
Suppose 4*v + 2*o = -2*o + 20, 0 = -4*o + 8. What is the greatest common factor of 1 and v?
1
Let z = 30 - 14. Let s = z - 10. What is the highest common factor of s and 12?
6
Let o = 7 + 3. Let c = 4 + 6. What is the greatest common factor of c and o?
10
Suppose 4*n = 35 + 29. Calculate the highest common factor of 2 and n.
2
Suppose -4*z = -3*z - 27. Let f = z + -17. What is the greatest common factor of f and 70?
10
Suppose 5*o + 171 = y - 0*o, 481 = 3*y + o. Calculate the highest common factor of y and 23.
23
Suppose 7*u - 11*u = -72. What is the greatest common factor of 12 and u?
6
Let a be ((-27)/(-2))/(2/8). Let o = a - 18. What is the highest common divisor of 54 and o?
18
Suppose 3*q = 55 + 230. Calculate the greatest common factor of q and 38.
19
Suppose 9*f = 656 + 964. What is the greatest common factor of f and 12?
12
Let j = 67 + 27. Calculate the greatest common factor of 235 and j.
47
Let r(w) = 92*w. Let y be -2 - -2 - 0 - -1. Let z be r(y). Calculate the highest common divisor of z and 23.
23
Suppose -t = -0*t + 5*d + 22, -110 = 5*t - 3*d. Let s = -7 - t. Let b(y) = y + 3. Let p be b(3). What is the greatest common factor of p and s?
3
Suppose -2*h = -0*h - 16. Suppose -w - w + h = 0. Suppose 218 = w*l - 142. Calculate the highest common factor of 10 and l.
10
Let m be (-2)/6 + 32/6. Let r(b) = -b**2 + 8*b + 3. Let v be r(m). Suppose 43 + 11 = 2*k. Calculate the highest common factor of k and v.
9
Suppose -4*w = -0 + 16. Let o(z) = 3*z - 2*z - 2 + 7. Let f be o(w). Calculate the greatest common divisor of 8 and f.
1
Let u be 4/(-12) + 124/12. What is the highest common divisor of u and 2?
2
Let v = -47 - -51. Suppose -18 = -2*h + 20. Suppose -h = -v*l + 3*y, -3 = -2*l - 2*y - 3*y. What is the greatest common factor of 8 and l?
4
Let t(a) = 60*a**2 - 2*a - 1. Let y be t(2). Calculate the highest common factor of 94 and y.
47
Let a be (-845)/(-25) - 2/(-10) - 1. What is the highest common divisor of 3 and a?
3
Suppose 5*k - 63 = -v, -2*v - 4*k = -4*v + 154. Let y = -33 + v. Calculate the greatest common divisor of y and 4.
4
Let j = 87 - 49. Let d(s) = 50*s - 8. Let g be d(7). Calculate the highest common factor of j and g.
38
Suppose -300 = -2*r + r. What is the greatest common factor of r and 60?
60
Suppose -8*v + 2*v = -2508. What is the greatest common factor of 38 and v?
38
Let c(l) = l - 1 + l - l - 3. Let h be c(10). Calculate the greatest common divisor of h and 42.
6
Let q = 139 + 20. Calculate the greatest common factor of q and 53.
53
Let b be (-1)/((-18)/4)*9 + 36. Calculate the greatest common divisor of b and 95.
19
Suppose 13*s = 315 - 3. Calculate the greatest common factor of 24 and s.
24
Let b(k) = 2*k - 2. Let u be b(4). Suppose -2*x - 24 = -5*x. Suppose -3*p + 5*h + x = 1, 0 = 2*h - 2. Calculate the highest common factor of u and p.
2
Suppose 9 + 1 = 2*u + 5*v, 20 = 4*u - 3*v. Let s be (-43)/(-3) + (-1)/3. Let j be (10/(-4))/((-1)/s). What is the greatest common divisor of j and u?
5
Suppose -44*v + 41*v = -45. Calculate the highest common divisor of 135 and v.
15
Let n = 133 - 99. What is the highest common divisor of n and 17?
17
Let u be (-129)/(-3) - 3/(-3). Let g = -7 - -11. Calculate the greatest common divisor of u and g.
4
Let i be (-1)/22*-4 + 174/11. Calculate the greatest common divisor of 40 and i.
8
Let s be 1/(-1)*(-5 + 0). Suppose 2*d - 2*q - 3*q = 1, d = s*q - 7. Calculate the greatest common factor of d and 12.
4
Let z(l) be the first derivative of 13*l**4/4 + l**3/3 + l**2/2 - l - 1. Let q be z(1). Let d = 212 - 205. Calculate the highest common divisor of d and q.
7
Let t(k) = -k**3 - 12*k**2 + 11*k + 4. Let a be t(-14). Calculate the highest common divisor of 22 and a.
22
Let z(t) = -t**2 - 4*t + 7. Let q be z(-5). Let n be q/4 + (-34)/(-4). Let s = -16 - -25. Calculate the greatest common divisor of s and n.
9
Let v be (8/10)/((-1)/(-20)). Suppose -5*h + 63 + 97 = 0. Suppose 4*i - h - v = 0. Calculate the highest common divisor of 3 and i.
3
Suppose 5*w - 75 = -0*w. Suppose 15 = -2*b + l + 86, 0 = -3*l - w. What is the highest common factor of 22 and b?
11
Let z be -7*(-37 + 5)*30/56. Calculate the greatest common divisor of z and 15.
15
Let t = 2 + 4. Let h be (-1)/2*0/(-3). Suppose h*d = 2*d - 12. What is the greatest common divisor of d and t?
6
Suppose p - 8*g + 3*g = 12, 5*p + 5*g = 60. Let b = -2 + 4. Calculate the highest common factor of b and p.
2
Suppose -12*q - 330 = -17*q. Calculate the highest common factor of q and 33.
33
Suppose 0 = 5*p + 2*b - 125 - 102, -4*p = -4*b - 204. Suppose -5*i - 2*t + 72 = 0, 0 = 3*i - t + 6 - p. Calculate the greatest common divisor of i and 56.
14
Suppose -3*b = 2*b - 5. Suppose -z + 44 = 5*t, -3*t - 5*z + 4*z = -28. What is the greatest common divisor of t and b?
1
Let r = -148 + 168. Calculate the highest common factor of r and 100.
20
Let s = 7 + -13. Let i be 28*(s/3 + 3). Calculate the highest common factor of i and 14.
14
Let q(a) = -41*a - 3. Let d be q(-3). Let b(g) = -2*g + 5. Let t be b(-5). Let n = t - 0. What is the greatest common factor of d and n?
15
Let c(w) = w**2 + 4*w - 7. Let n be c(-5). Let t be ((-5)/10)/(n/324). What is the highest common divisor of 9 and t?
9
Suppose 2*c = -0*c - 34. Let k = c - -11. Let d = 98 -